git of 792107?
7
What is the thousands digit of 4142435?
2
What is the units digit of 563989?
9
What is the ten thousands digit of 2689697?
8
What is the units digit of 167088?
8
What is the ten thousands digit of 29374355?
7
What is the hundred thousands digit of 2107294?
1
What is the ten thousands digit of 363043?
6
What is the units digit of 4650326?
6
What is the hundred thousands digit of 5124331?
1
What is the units digit of 474703?
3
What is the ten thousands digit of 575534?
7
What is the units digit of 913441?
1
What is the thousands digit of 1983351?
3
What is the tens digit of 30754662?
6
What is the millions digit of 8969132?
8
What is the hundred thousands digit of 9872779?
8
What is the ten millions digit of 32113550?
3
What is the millions digit of 1366654?
1
What is the hundreds digit of 6549166?
1
What is the thousands digit of 97739?
7
What is the thousands digit of 1288850?
8
What is the hundreds digit of 6316532?
5
What is the hundred thousands digit of 864666?
8
What is the hundreds digit of 256233?
2
What is the units digit of 2800444?
4
What is the ten thousands digit of 170866?
7
What is the thousands digit of 327812?
7
What is the millions digit of 7102375?
7
What is the hundred thousands digit of 1359240?
3
What is the tens digit of 9448347?
4
What is the tens digit of 3375762?
6
What is the hundred thousands digit of 1035159?
0
What is the tens digit of 1901490?
9
What is the units digit of 679785?
5
What is the ten thousands digit of 276503?
7
What is the hundreds digit of 95784?
7
What is the hundreds digit of 395989?
9
What is the hundred thousands digit of 177999?
1
What is the hundred thousands digit of 332911?
3
What is the hundred thousands digit of 387517?
3
What is the hundreds digit of 243772?
7
What is the hundred thousands digit of 141877?
1
What is the thousands digit of 9226564?
6
What is the tens digit of 13376377?
7
What is the thousands digit of 3234581?
4
What is the millions digit of 2384709?
2
What is the ten thousands digit of 385743?
8
What is the units digit of 179973?
3
What is the tens digit of 6728572?
7
What is the tens digit of 815609?
0
What is the thousands digit of 528731?
8
What is the units digit of 133051?
1
What is the hundred thousands digit of 5603843?
6
What is the units digit of 739484?
4
What is the millions digit of 1705289?
1
What is the hundreds digit of 3534114?
1
What is the hundreds digit of 10859604?
6
What is the hundred thousands digit of 143119?
1
What is the hundreds digit of 653006?
0
What is the ten thousands digit of 14040166?
4
What is the hundred thousands digit of 7118421?
1
What is the tens digit of 1581137?
3
What is the hundreds digit of 283787?
7
What is the ten thousands digit of 8600604?
0
What is the hundreds digit of 5375116?
1
What is the hundreds digit of 468399?
3
What is the units digit of 30503125?
5
What is the ten thousands digit of 422376?
2
What is the hundreds digit of 347149?
1
What is the thousands digit of 1095335?
5
What is the tens digit of 40372?
7
What is the hundreds digit of 669825?
8
What is the hundreds digit of 6605463?
4
What is the ten thousands digit of 305735?
0
What is the thousands digit of 1525094?
5
What is the hundred thousands digit of 189495?
1
What is the ten thousands digit of 800165?
0
What is the thousands digit of 11647304?
7
What is the hundred thousands digit of 508711?
5
What is the hundreds digit of 601632?
6
What is the thousands digit of 1051313?
1
What is the ten thousands digit of 27138289?
3
What is the units digit of 17497?
7
What is the thousands digit of 3493902?
3
What is the ten thousands digit of 15527825?
2
What is the units digit of 16336893?
3
What is the thousands digit of 1681424?
1
What is the ten thousands digit of 28440081?
4
What is the units digit of 1347600?
0
What is the hundreds digit of 115493?
4
What is the tens digit of 420154?
5
What is the tens digit of 1376603?
0
What is the thousands digit of 29103?
9
What is the ten thousands digit of 8671975?
7
What is the thousands digit of 7177116?
7
What is the hundreds digit of 227920?
9
What is the units digit of 1232476?
6
What is the thousands digit of 11212494?
2
What is the thousands digit of 18947?
8
What is the thousands digit of 1775?
1
What is the hundreds digit of 1354152?
1
What is the hundreds digit of 3081501?
5
What is the hundreds digit of 739829?
8
What is the tens digit of 23579?
7
What is the tens digit of 4360076?
7
What is the ten millions digit of 23149201?
2
What is the tens digit of 832668?
6
What is the thousands digit of 1284428?
4
What is the hundred thousands digit of 327663?
3
What is the hundreds digit of 8721?
7
What is the tens digit of 649447?
4
What is the hundred thousands digit of 17507466?
5
What is the millions digit of 1816976?
1
What is the hundred thousands digit of 3184501?
1
What is the ten thousands digit of 1174067?
7
What is the tens digit of 101799?
9
What is the ten thousands digit of 162860?
6
What is the thousands digit of 28622393?
2
What is the tens digit of 428896?
9
What is the tens digit of 963449?
4
What is the ten thousands digit of 4936129?
3
What is the ten thousands digit of 2878863?
7
What is the thousands digit of 981576?
1
What is the thousands digit of 549101?
9
What is the ten thousands digit of 16654480?
5
What is the ten thousands digit of 1343037?
4
What is the units digit of 1480802?
2
What is the thousands digit of 79663?
9
What is the hundred thousands digit of 279346?
2
What is the units digit of 418637?
7
What is the hundred thousands digit of 104012?
1
What is the ten thousands digit of 413963?
1
What is the ten thousands digit of 131874?
3
What is the thousands digit of 2956981?
6
What is the units digit of 85085?
5
What is the units digit of 7052534?
4
What is the ten thousands digit of 4047007?
4
What is the thousands digit of 1427?
1
What is the ten thousands digit of 98271?
9
What is the ten thousands digit of 267084?
6
What is the tens digit of 1818820?
2
What is the thousands digit of 645865?
5
What is the thousands digit of 623401?
3
What is the thousands digit of 5453244?
3
What is the units digit of 2652150?
0
What is the thousands digit of 1338859?
8
What is the hundred thousands digit of 2359465?
3
What is the hundred thousands digit of 10981618?
9
What is the ten thousands digit of 170665?
7
What is the millions digit of 2222232?
2
What is the hundred thousands digit of 2429620?
4
What is the millions digit of 2603153?
2
What is the hundreds digit of 50490?
4
What is the ten thousands digit of 155005?
5
What is the ten millions digit of 22044237?
2
What is the thousands digit of 6143058?
3
What is the hundreds digit of 934816?
8
What is the thousands digit of 1249644?
9
What is the hundred thousands digit of 382525?
3
What is the thousands digit of 1091000?
1
What is the hundreds digit of 18204943?
9
What is the millions digit of 4702268?
4
What is the thousands digit of 110359?
0
What is the millions digit of 4474068?
4
What is the thousands digit of 18483?
8
What is the tens digit of 9882?
8
What is the hundreds digit of 521355?
3
What is the tens digit of 23889?
8
What is the millions digit of 6230803?
6
What is the millions digit of 2823797?
2
What is the millions digit of 1375219?
1
What is the millions digit of 11208942?
1
What is the tens digit of 66730?
3
What is the millions digit of 3350296?
3
What is the hundreds digit of 2955676?
6
What is the millions digit of 2629460?
2
What is the thousands digit of 33583272?
3
What is the tens digit of 58151?
5
What is the hundred thousands digit of 614991?
6
What is the units digit of 849790?
0
What is the ten thousands digit of 3532894?
3
What is the millions digit of 8147789?
8
What is the thousands digit of 277994?
7
What is the millions digit of 1065357?
1
What is the ten thousands digit of 78776?
7
What is the units digit of 31996387?
7
What is the ten millions digit of 12359578?
1
What is the thousands digit of 17832839?
2
What is the hundreds digit of 180637?
6
What is the ten thousands digit of 6180379?
8
What is the thousands digit of 252700?
2
What is the thousands digit of 78172?
8
What is the thousands digit of 316972?
6
What is the thousands digit of 116688?
6
What is the ten thousands dig